
2, 3, 19653671
What are the prime factors of 38529449?
7, 5504207
List the prime factors of 22502070.
2, 3, 5, 83341
What are the prime factors of 1651076290?
2, 5, 101, 983, 1663
List the prime factors of 63733499.
37, 109, 15803
What are the prime factors of 1585048345?
5, 683, 464143
What are the prime factors of 20036389?
20036389
List the prime factors of 498818533.
19, 43, 61, 10009
What are the prime factors of 1234507604?
2, 11, 181, 379, 409
List the prime factors of 49581445.
5, 23, 29, 14867
What are the prime factors of 41448507?
3, 23, 600703
List the prime factors of 330263859.
3, 110087953
What are the prime factors of 96294427?
547, 176041
What are the prime factors of 910089009?
3, 2393, 42257
List the prime factors of 159339252.
2, 3, 43, 109, 2833
List the prime factors of 2186832561.
3, 9629, 75703
What are the prime factors of 231585809?
7, 13, 363557
What are the prime factors of 2455761754?
2, 1227880877
List the prime factors of 1772786474.
2, 353, 2511029
What are the prime factors of 19373544?
2, 3, 23, 11699
List the prime factors of 495813433.
467, 1061699
What are the prime factors of 42874731?
3, 17, 29, 3221
What are the prime factors of 87697495?
5, 17539499
What are the prime factors of 8063077?
11, 37, 1801
List the prime factors of 706903561.
7, 13, 7768171
What are the prime factors of 75135559?
75135559
List the prime factors of 96310979.
96310979
What are the prime factors of 64437162?
2, 3, 10739527
List the prime factors of 1624039572.
2, 3, 97, 1395223
What are the prime factors of 507700012?
2, 163, 778681
List the prime factors of 4997978106.
2, 3, 11, 631, 120011
List the prime factors of 537012598.
2, 37, 787, 9221
What are the prime factors of 81788677?
81788677
What are the prime factors of 1152745204?
2, 13, 43, 515539
What are the prime factors of 132650440?
2, 5, 13, 255097
List the prime factors of 5978790157.
23557, 253801
List the prime factors of 7151059973.
23, 310915651
What are the prime factors of 52107895?
5, 7, 1488797
List the prime factors of 122624589.
3, 40874863
List the prime factors of 58784879.
19, 162839
What are the prime factors of 13275185?
5, 7, 11, 29, 41
List the prime factors of 299800122.
2, 3, 37, 47, 59, 487
What are the prime factors of 2429956643?
10939, 222137
What are the prime factors of 897467772?
2, 3, 2333, 32057
What are the prime factors of 237144830?
2, 5, 13, 643, 2837
List the prime factors of 18022050.
2, 3, 5, 29, 1381
What are the prime factors of 165459713?
165459713
List the prime factors of 5356638934.
2, 571, 977, 4801
What are the prime factors of 52735040?
2, 5, 223, 739
List the prime factors of 2026247.
17, 119191
List the prime factors of 771181408.
2, 173, 139303
What are the prime factors of 1020112?
2, 103, 619
What are the prime factors of 24656247?
3, 7, 11, 47, 757
List the prime factors of 59280188.
2, 11, 1347277
List the prime factors of 35747497.
23, 1554239
What are the prime factors of 285558682?
2, 3323, 42967
What are the prime factors of 20399731?
11, 29, 63949
What are the prime factors of 370950349?
7, 11, 4817537
List the prime factors of 7527097.
19, 47, 8429
What are the prime factors of 1042300354?
2, 521150177
What are the prime factors of 122206227?
3, 11, 13, 37, 7699
What are the prime factors of 10125724?
2, 7, 103, 3511
What are the prime factors of 61779936?
2, 3, 37, 17393
What are the prime factors of 37421509?
37421509
List the prime factors of 177343169.
19, 9333851
List the prime factors of 259298273.
13, 19946021
What are the prime factors of 591325000?
2, 5, 7, 31, 109
What are the prime factors of 715472671?
1951, 366721
What are the prime factors of 1281749910?
2, 3, 5, 7, 83, 151, 487
List the prime factors of 30153043.
30153043
What are the prime factors of 250721427?
3, 11, 353, 21523
List the prime factors of 190509644.
2, 13, 23, 12253
List the prime factors of 152331272.
2, 31, 421, 1459
What are the prime factors of 780104940?
2, 3, 5, 13001749
What are the prime factors of 63349373?
47, 131, 10289
What are the prime factors of 325063299?
3, 11, 9850403
List the prime factors of 201262774.
2, 67, 1501961
What are the prime factors of 102371573?
102371573
What are the prime factors of 1892718442?
2, 946359221
List the prime factors of 70797871.
449, 157679
List the prime factors of 125649868.
2, 601, 52267
What are the prime factors of 4320242593?
107, 40376099
List the prime factors of 387392344.
2, 48424043
List the prime factors of 339892715.
5, 67978543
List the prime factors of 43157123.
43157123
List the prime factors of 15376797.
3, 79, 89
What are the prime factors of 394518637?
401, 601, 1637
List the prime factors of 41914287.
3, 1552381
List the prime factors of 4938953.
103, 47951
What are the prime factors of 1348658598?
2, 3, 7, 32110919
What are the prime factors of 42275130?
2, 3, 5, 1409171
List the prime factors of 56924996.
2, 1973, 7213
List the prime factors of 34891409.
7, 4984487
What are the prime factors of 108740222?
2, 947, 57413
What are the prime factors of 178275059?
109, 1635551
List the prime factors of 1628177215.
5, 7, 46519349
List the prime factors of 117828317.
101, 1166617
What are the prime factors of 184613782?
2, 92306891
List the prime factors of 1776132224.
2, 59, 251, 937
List the prime factors of 276454578.
2, 3, 17, 2710339
What are the prime factors of 271549095?
3, 5, 18103273
What are the prime factors of 414810154?
2, 11, 557, 33851
List the prime factors of 562722989.
29, 3313, 5857
What are the prime factors of 726357553?
16763, 43331
What are the prime factors of 924976897?
13, 71152069
List the prime factors of 14916939.
3, 17, 292489
List the prime factors of 1173616656.
2, 3, 89, 274723
What are the prime factors of 394568940?
2, 3, 5, 6576149
List the prime factors of 102483377.
23, 37, 120427
What are the prime factors of 303333408?
2, 3, 7, 379, 397
List the prime factors of 221088757.
17, 43, 17791
List the prime factors of 543416034.
2, 3, 7, 131, 283, 349
List the prime factors of 89579041.
89579041
What are the prime factors of 591803065?
5, 7, 17, 761, 1307
What are the prime factors of 573478387?
19, 30183073
List the prime factors of 3240234028.
2, 6397, 126631
List the prime factors of 3120176096.
2, 41, 137, 17359
What are the prime factors of 161972653?
161972653
List the prime factors of 169635.
3, 5, 43, 263
List the prime factors of 1701753706.
2, 850876853
List the prime factors of 562077660.
2, 3, 5, 59, 83, 1913
List the prime factors of 16651458.
2, 3, 925081
What are the prime factors of 629501424?
2, 3, 37, 43, 8243
List the prime factors of 708487758.
2, 3, 11, 3578221
What are the prime factors of 1074244026?
2, 3, 23, 983, 7919
List the prime factors of 292545041.
1063, 275207
List the prime factors of 34673065.
5, 7, 89, 11131
What are the prime factors of 15027820?
2, 5, 263, 2857
What are the prime factors of 695779990?
2, 5, 43, 1618093
List the prime factors of 381333899.
601, 634499
List the prime factors of 748236774.
2, 3, 8147, 15307
What are the prime factors of 299028703?
41, 53, 241, 571
What are the prime factors of 1121413071?
3, 2999, 124643
List the prime factors of 23056881.
3, 7685627
List the prime factors of 77376663.
3, 7, 13, 94477
List the prime factors of 53844746.
2, 17, 19, 4903
What are the prime factors of 3122664035?
5, 113, 5526839
What are the prime factors of 7310589?
3, 11, 13, 17041
List the prime factors of 352835793.
3, 131, 139, 2153
What are the prime factors of 120810624?
2, 3, 11, 37, 773
List the prime factors of 37714578.
2, 3, 11, 571433
What are the prime factors of 39270547?
97, 404851
What are the prime factors of 5218374518?
2, 7, 227, 1642031
List the prime factors of 8110566226.
2, 7, 1061, 546019
List the prime factors of 39016118.
2, 19508059
List the prime factors of 850083675.
3, 5, 7, 1619207
What are the prime factors of 1005929055?
3, 5, 41, 59, 9241
List the prime factors of 4569359381.
19, 2741, 87739
List the prime factors of 333415330.
2, 5, 191, 227, 769
What are the prime factors of 34800197?
31, 1122587
What are the prime factors of 119093290?
2, 5, 79, 233, 647
What are the prime factors of 74359973?
29, 37, 1873
List the prime factors of 554890879.
1